{"id":1414,"date":"2016-02-12T07:54:41","date_gmt":"2016-02-12T07:54:41","guid":{"rendered":"http:\/\/demos.famethemes.com\/onepress\/?page_id=4"},"modified":"2025-07-16T08:01:04","modified_gmt":"2025-07-16T08:01:04","slug":"home","status":"publish","type":"page","link":"https:\/\/busenje.pro\/","title":{"rendered":"Dijamantsko bu\u0161enje betona bez vibracija"},"content":{"rendered":"<div class=\"wpb-content-wrapper\"><p>[vc_row][vc_column][vc_single_image image=&#8220;1456&#8243; img_size=&#8220;medium&#8220; alignment=&#8220;center&#8220; css=&#8220;.vc_custom_1701607611399{margin-bottom: -10px !important;}&#8220;][vc_single_image image=&#8220;1503&#8243; img_size=&#8220;medium&#8220; alignment=&#8220;center&#8220; css=&#8220;.vc_custom_1701608953613{margin-top: -20px !important;margin-bottom: -5px !important;}&#8220;][vc_custom_heading text=&#8220;+381628939234&#8243; font_container=&#8220;tag:h1|font_size:30px|text_align:center|color:%23012a72|line_height:34px&#8220; google_fonts=&#8220;font_family:Ubuntu%3A300%2C300italic%2Cregular%2Citalic%2C500%2C500italic%2C700%2C700italic|font_style:500%20bold%20regular%3A500%3Anormal&#8220; css=&#8220;.vc_custom_1701608833001{padding-right: 20px !important;padding-left: 20px !important;}&#8220; link=&#8220;url:tel%3A%2B381628939234|target:_blank&#8220;][vc_video link=&#8220;https:\/\/youtu.be\/EVQmy8l9fKc&#8220; el_width=&#8220;60&#8243; el_aspect=&#8220;916&#8243; align=&#8220;center&#8220; css=&#8220;&#8220;][vc_zigzag][vc_custom_heading text=&#8220;Najbolji tim za dijamantsko Bu\u0161enje i Se\u010denje zida bez vibracija. Ugradnja ventilacije i kuhinskog aspiratora u va\u0161em stanu bez pra\u0161ine.&#8220; font_container=&#8220;tag:h1|font_size:30px|text_align:center|color:%23012a72|line_height:34px&#8220; google_fonts=&#8220;font_family:Ubuntu%3A300%2C300italic%2Cregular%2Citalic%2C500%2C500italic%2C700%2C700italic|font_style:500%20bold%20regular%3A500%3Anormal&#8220; css=&#8220;.vc_custom_1701607771248{padding-right: 20px !important;padding-left: 20px !important;}&#8220;][vc_zigzag][\/vc_column][\/vc_row][vc_row][vc_column][vc_empty_space height=&#8220;12px&#8220;][\/vc_column][\/vc_row][vc_row][vc_column][vc_single_image image=&#8220;1466&#8243; img_size=&#8220;medium&#8220; alignment=&#8220;center&#8220;][vc_custom_heading text=&#8220;Dijamantsko busenje rupa&#8220; font_container=&#8220;tag:h1|font_size:40px|text_align:center|color:%23012a72|line_height:44px&#8220; google_fonts=&#8220;font_family:Ubuntu%3A300%2C300italic%2Cregular%2Citalic%2C500%2C500italic%2C700%2C700italic|font_style:400%20regular%3A400%3Anormal&#8220; css=&#8220;.vc_custom_1701609016732{margin-right: 10px !important;margin-left: 10px !important;}&#8220;][vc_empty_space height=&#8220;12px&#8220;][vc_separator el_width=&#8220;30&#8243;][\/vc_column][\/vc_row][vc_row][vc_column][vc_single_image image=&#8220;1469&#8243; img_size=&#8220;medium&#8220; alignment=&#8220;center&#8220;][vc_custom_heading text=&#8220;Busenje zida i ugradnja aspiratora&#8220; font_container=&#8220;tag:h1|font_size:40px|text_align:center|color:%23012a72|line_height:44px&#8220; google_fonts=&#8220;font_family:Ubuntu%3A300%2C300italic%2Cregular%2Citalic%2C500%2C500italic%2C700%2C700italic|font_style:400%20regular%3A400%3Anormal&#8220; css=&#8220;.vc_custom_1701609022859{margin-right: 10px !important;margin-left: 10px !important;}&#8220;][vc_empty_space height=&#8220;12px&#8220;][vc_separator el_width=&#8220;30&#8243;][\/vc_column][\/vc_row][vc_row][vc_column][vc_single_image image=&#8220;1502&#8243; img_size=&#8220;medium&#8220; alignment=&#8220;center&#8220;][vc_custom_heading text=&#8220;Dijamantsko bu\u0161enje betona bez vibracija&#8220; font_container=&#8220;tag:h1|font_size:40px|text_align:center|color:%23012a72|line_height:44px&#8220; google_fonts=&#8220;font_family:Ubuntu%3A300%2C300italic%2Cregular%2Citalic%2C500%2C500italic%2C700%2C700italic|font_style:400%20regular%3A400%3Anormal&#8220; css=&#8220;.vc_custom_1701609006005{margin-right: 10px !important;margin-left: 10px !important;}&#8220;][vc_empty_space height=&#8220;12px&#8220;][vc_separator el_width=&#8220;30&#8243;][\/vc_column][\/vc_row][vc_row][vc_column][vc_single_image image=&#8220;1531&#8243; img_size=&#8220;medium&#8220; alignment=&#8220;center&#8220;][vc_custom_heading text=&#8220;Ugradnja ventilatora u kupatilu&#8220; font_container=&#8220;tag:h1|font_size:40px|text_align:center|color:%23012a72|line_height:44px&#8220; google_fonts=&#8220;font_family:Ubuntu%3A300%2C300italic%2Cregular%2Citalic%2C500%2C500italic%2C700%2C700italic|font_style:400%20regular%3A400%3Anormal&#8220; css=&#8220;.vc_custom_1701611028855{margin-right: 10px !important;margin-left: 10px !important;}&#8220;][vc_empty_space height=&#8220;12px&#8220;][vc_separator el_width=&#8220;30&#8243;][\/vc_column][\/vc_row][vc_row][vc_column][vc_single_image image=&#8220;1533&#8243; img_size=&#8220;medium&#8220; alignment=&#8220;center&#8220;][vc_custom_heading text=&#8220;Se\u010denje betona&#8220; font_container=&#8220;tag:h1|font_size:40px|text_align:center|color:%23012a72|line_height:44px&#8220; google_fonts=&#8220;font_family:Ubuntu%3A300%2C300italic%2Cregular%2Citalic%2C500%2C500italic%2C700%2C700italic|font_style:400%20regular%3A400%3Anormal&#8220; css=&#8220;.vc_custom_1701611085595{margin-right: 10px !important;margin-left: 10px !important;}&#8220;][vc_empty_space height=&#8220;12px&#8220;][vc_separator el_width=&#8220;30&#8243;][\/vc_column][\/vc_row][vc_row][vc_column][vc_single_image image=&#8220;1534&#8243; img_size=&#8220;medium&#8220; alignment=&#8220;center&#8220;][vc_custom_heading text=&#8220;Se\u010denje kamena&#8220; font_container=&#8220;tag:h1|font_size:40px|text_align:center|color:%23012a72|line_height:44px&#8220; google_fonts=&#8220;font_family:Ubuntu%3A300%2C300italic%2Cregular%2Citalic%2C500%2C500italic%2C700%2C700italic|font_style:400%20regular%3A400%3Anormal&#8220; css=&#8220;.vc_custom_1701611143275{margin-right: 10px !important;margin-left: 10px !important;}&#8220;][vc_empty_space height=&#8220;12px&#8220;][vc_separator el_width=&#8220;30&#8243;][\/vc_column][\/vc_row][vc_row][vc_column][vc_single_image image=&#8220;1538&#8243; img_size=&#8220;medium&#8220; alignment=&#8220;center&#8220;][vc_custom_heading text=&#8220;Selektivno ru\u0161enje bez vibracija&#8220; font_container=&#8220;tag:h1|font_size:40px|text_align:center|color:%23012a72|line_height:44px&#8220; google_fonts=&#8220;font_family:Ubuntu%3A300%2C300italic%2Cregular%2Citalic%2C500%2C500italic%2C700%2C700italic|font_style:400%20regular%3A400%3Anormal&#8220; css=&#8220;.vc_custom_1701611188246{margin-right: 10px !important;margin-left: 10px !important;}&#8220;][vc_empty_space height=&#8220;12px&#8220;][vc_separator el_width=&#8220;30&#8243;][\/vc_column][\/vc_row][vc_row][vc_column][vc_single_image image=&#8220;1536&#8243; img_size=&#8220;medium&#8220; alignment=&#8220;center&#8220;][vc_custom_heading text=&#8220;Se\u010denje zida bez pra\u0161ine&#8220; font_container=&#8220;tag:h1|font_size:40px|text_align:center|color:%23012a72|line_height:44px&#8220; google_fonts=&#8220;font_family:Ubuntu%3A300%2C300italic%2Cregular%2Citalic%2C500%2C500italic%2C700%2C700italic|font_style:400%20regular%3A400%3Anormal&#8220; css=&#8220;.vc_custom_1701611242108{margin-right: 10px !important;margin-left: 10px !important;}&#8220;][vc_empty_space height=&#8220;12px&#8220;][vc_separator el_width=&#8220;30&#8243;][\/vc_column][\/vc_row][vc_row][vc_column css=&#8220;.vc_custom_1701609440545{margin-right: 10px !important;margin-left: 10px !important;}&#8220;][vc_custom_heading text=&#8220;Dru\u0161tvene mre\u017ee&#8220; font_container=&#8220;tag:h1|font_size:30px|text_align:center|color:%23012a72|line_height:34px&#8220; google_fonts=&#8220;font_family:Ubuntu%3A300%2C300italic%2Cregular%2Citalic%2C500%2C500italic%2C700%2C700italic|font_style:400%20regular%3A400%3Anormal&#8220; css=&#8220;.vc_custom_1701611836331{margin-right: 10px !important;margin-left: 10px !important;}&#8220;][vc_empty_space height=&#8220;22px&#8220;][\/vc_column][\/vc_row][vc_row][vc_column css=&#8220;.vc_custom_1701609440545{margin-right: 10px !important;margin-left: 10px !important;}&#8220;][vc_row_inner][vc_column_inner width=&#8220;1\/4&#8243;][vc_single_image image=&#8220;1544&#8243; img_size=&#8220;medium&#8220; alignment=&#8220;center&#8220; onclick=&#8220;custom_link&#8220; img_link_target=&#8220;_blank&#8220; link=&#8220;https:\/\/www.facebook.com\/Ventilacija.pro&#8220;][\/vc_column_inner][vc_column_inner width=&#8220;1\/4&#8243;][vc_single_image image=&#8220;1545&#8243; img_size=&#8220;medium&#8220; alignment=&#8220;center&#8220; onclick=&#8220;custom_link&#8220; img_link_target=&#8220;_blank&#8220; link=&#8220;https:\/\/www.instagram.com\/ventilacija.pro\/&#8220;][\/vc_column_inner][vc_column_inner width=&#8220;1\/4&#8243;][vc_single_image image=&#8220;1546&#8243; img_size=&#8220;medium&#8220; alignment=&#8220;center&#8220; onclick=&#8220;custom_link&#8220; img_link_target=&#8220;_blank&#8220; link=&#8220;https:\/\/www.youtube.com\/watch?v=8DRx63SDtz4&amp;list=PLNTXX9FS1d03PGc22-AekB-uPSc2LRGIe&amp;index=2&#8243;][\/vc_column_inner][vc_column_inner width=&#8220;1\/4&#8243;][vc_single_image image=&#8220;1547&#8243; img_size=&#8220;medium&#8220; alignment=&#8220;center&#8220; onclick=&#8220;custom_link&#8220; img_link_target=&#8220;_blank&#8220; link=&#8220;https:\/\/www.tiktok.com\/@busenje&#8220;][\/vc_column_inner][\/vc_row_inner][\/vc_column][\/vc_row][vc_row][vc_column][vc_zigzag][vc_empty_space height=&#8220;12px&#8220;][vc_custom_heading text=&#8220;Busenje rupe i ugradnja kuhinjskog aspiratora u useljenom domu bez prasine | Ugradnja ventilatora u kupatilu bez ostecenja plocice i fasada | Busenje rupe za ugradnju sporeta | Dijamantsko busenje betona bez vibracija i bez prasine | dijamantsko secenje zidova od betona bez prasine | Selektivno rusenje bez vibracija&#8220; font_container=&#8220;tag:h1|font_size:20px|text_align:center|color:%234c4c4c|line_height:24px&#8220; google_fonts=&#8220;font_family:Ubuntu%3A300%2C300italic%2Cregular%2Citalic%2C500%2C500italic%2C700%2C700italic|font_style:400%20regular%3A400%3Anormal&#8220; css=&#8220;.vc_custom_1701611502670{margin-right: 10px !important;margin-left: 10px !important;}&#8220;][vc_empty_space height=&#8220;12px&#8220;][vc_separator el_width=&#8220;30&#8243;][\/vc_column][\/vc_row][vc_row][vc_column][vc_video link=&#8220;https:\/\/youtu.be\/UPAgBCkFQjk?si=DLXYG-7jBiuZNvg6&#8243; align=&#8220;center&#8220;][\/vc_column][\/vc_row][vc_row][vc_column][vc_zigzag][vc_empty_space height=&#8220;12px&#8220;][vc_custom_heading text=&#8220;Busenje rupe i ugradnja kuhinjskog aspiratora u useljenom domu bez prasine | Ugradnja ventilatora u kupatilu bez ostecenja plocice i fasada | Busenje rupe za ugradnju sporeta | Dijamantsko busenje betona bez vibracija i bez prasine | dijamantsko secenje zidova od betona bez prasine | Selektivno rusenje bez vibracija&#8220; font_container=&#8220;tag:h1|font_size:20px|text_align:center|color:%234c4c4c|line_height:24px&#8220; google_fonts=&#8220;font_family:Ubuntu%3A300%2C300italic%2Cregular%2Citalic%2C500%2C500italic%2C700%2C700italic|font_style:400%20regular%3A400%3Anormal&#8220; css=&#8220;.vc_custom_1701611502670{margin-right: 10px !important;margin-left: 10px !important;}&#8220;][vc_empty_space height=&#8220;12px&#8220;][vc_separator el_width=&#8220;30&#8243;][\/vc_column][\/vc_row][vc_row][vc_column css=&#8220;.vc_custom_1701609440545{margin-right: 10px !important;margin-left: 10px !important;}&#8220;][vc_zigzag][vc_custom_heading text=&#8220;Kontakt centr&#8220; font_container=&#8220;tag:h1|font_size:30px|text_align:center|color:%23012a72|line_height:34px&#8220; google_fonts=&#8220;font_family:Ubuntu%3A300%2C300italic%2Cregular%2Citalic%2C500%2C500italic%2C700%2C700italic|font_style:400%20regular%3A400%3Anormal&#8220; css=&#8220;.vc_custom_1701609766785{margin-right: 10px !important;margin-left: 10px !important;}&#8220;][vc_empty_space height=&#8220;22px&#8220;]\n<div class=\"wpcf7 no-js\" id=\"wpcf7-f1506-o1\" lang=\"sr-RS\" dir=\"ltr\" data-wpcf7-id=\"1506\">\n<div class=\"screen-reader-response\"><p role=\"status\" aria-live=\"polite\" aria-atomic=\"true\"><\/p> <ul><\/ul><\/div>\n<form action=\"\/index.php\/wp-json\/wp\/v2\/pages\/1414#wpcf7-f1506-o1\" method=\"post\" class=\"wpcf7-form init\" aria-label=\"Contact form\" novalidate=\"novalidate\" data-status=\"init\">\n<fieldset class=\"hidden-fields-container\"><input type=\"hidden\" name=\"_wpcf7\" value=\"1506\" \/><input type=\"hidden\" name=\"_wpcf7_version\" value=\"6.1.4\" \/><input type=\"hidden\" name=\"_wpcf7_locale\" value=\"sr_RS\" \/><input type=\"hidden\" name=\"_wpcf7_unit_tag\" value=\"wpcf7-f1506-o1\" \/><input type=\"hidden\" name=\"_wpcf7_container_post\" value=\"0\" \/><input type=\"hidden\" name=\"_wpcf7_posted_data_hash\" value=\"\" \/>\n<\/fieldset>\n<h4>Va\u0161e ime\n<\/h4>\n<p><span class=\"wpcf7-form-control-wrap\" data-name=\"imja\"><input size=\"40\" maxlength=\"400\" class=\"wpcf7-form-control wpcf7-text wpcf7-validates-as-required\" aria-required=\"true\" aria-invalid=\"false\" value=\"Va\u0161e ime\" type=\"text\" name=\"imja\" \/><\/span>\n<\/p>\n<h4>Grad - Dr\u017eava\n<\/h4>\n<p><span class=\"wpcf7-form-control-wrap\" data-name=\"GD\"><input size=\"40\" maxlength=\"400\" class=\"wpcf7-form-control wpcf7-text\" aria-invalid=\"false\" value=\"Bu\u0161enje.pro je me\u0111unarodni servis\" type=\"text\" name=\"GD\" \/><\/span>\n<\/p>\n<h4>Ostavite va\u0161 broj telefona\n<\/h4>\n<p><span class=\"wpcf7-form-control-wrap\" data-name=\"broj\"><input size=\"40\" maxlength=\"400\" class=\"wpcf7-form-control wpcf7-text\" aria-invalid=\"false\" value=\"Stru\u0107ni in\u017eenjer \u0107e Vas pozvati uskoro\" type=\"text\" name=\"broj\" \/><\/span>\n<\/p>\n<p><input class=\"wpcf7-form-control wpcf7-submit has-spinner\" type=\"submit\" value=\"Naru\u010di\" \/>\n<\/p><p style=\"display: none !important;\" class=\"akismet-fields-container\" data-prefix=\"_wpcf7_ak_\"><label>&#916;<textarea name=\"_wpcf7_ak_hp_textarea\" cols=\"45\" rows=\"8\" maxlength=\"100\"><\/textarea><\/label><input type=\"hidden\" id=\"ak_js_1\" name=\"_wpcf7_ak_js\" value=\"211\"\/><script>document.getElementById( \"ak_js_1\" ).setAttribute( \"value\", ( new Date() ).getTime() );<\/script><\/p><div class=\"wpcf7-response-output\" aria-hidden=\"true\"><\/div>\n<\/form>\n<\/div>\n[vc_empty_space height=&#8220;22px&#8220;][vc_zigzag][vc_empty_space height=&#8220;22px&#8220;][\/vc_column][\/vc_row][vc_row][vc_column][vc_empty_space height=&#8220;12px&#8220;][vc_custom_heading text=&#8220;Kada je potrebno da se izvedu radovi kao \u0161to su bu\u0161enje zida za ugradnju aspiratora ili ventilatora u kupatilu, prvo \u0161to Vam padne napamet je mnogo pra\u0161ine, buka kao i dodatni skupi radovi posle bu\u0161enja. U tome se razlikujemo od drugih koji se bave sli\u010dnim poslovima. Na\u0161e iskustvo i oprema koju koristimo nam omogu\u0107ava da izvedemo radove brzo, precizno i \u010disto.<br \/>\nDijamantsko rezanje betona je najefikasnija tehnologija selektivnog ru\u0161enja. Se\u010denje betona se vrsi masinom sa dijamantnim segmentima koja bez udarca i buke, bez vibracija i bez pra\u0161ine se\u010de armirani beton i kamen, kao i bilo koji gradjevinske materiali na zidu, podu ili plafonu.&#8220; font_container=&#8220;tag:h1|font_size:20px|text_align:center|color:%234c4c4c|line_height:24px&#8220; google_fonts=&#8220;font_family:Ubuntu%3A300%2C300italic%2Cregular%2Citalic%2C500%2C500italic%2C700%2C700italic|font_style:400%20regular%3A400%3Anormal&#8220; css=&#8220;.vc_custom_1701611696613{margin-right: 10px !important;margin-left: 10px !important;}&#8220;][vc_empty_space height=&#8220;12px&#8220;][vc_separator el_width=&#8220;30&#8243;][\/vc_column][\/vc_row][vc_row][vc_column css=&#8220;.vc_custom_1701609440545{margin-right: 10px !important;margin-left: 10px !important;}&#8220;][vc_empty_space height=&#8220;12px&#8220;][vc_icon icon_fontawesome=&#8220;fas fa-phone-volume&#8220; color=&#8220;violet&#8220; size=&#8220;xl&#8220; align=&#8220;center&#8220;][vc_custom_heading text=&#8220;+381628939234&#8243; font_container=&#8220;tag:h1|font_size:30px|text_align:center|color:%23012a72|line_height:34px&#8220; google_fonts=&#8220;font_family:Ubuntu%3A300%2C300italic%2Cregular%2Citalic%2C500%2C500italic%2C700%2C700italic|font_style:400%20regular%3A400%3Anormal&#8220; css=&#8220;.vc_custom_1701609888939{margin-right: 10px !important;margin-left: 10px !important;}&#8220;][vc_separator el_width=&#8220;30&#8243;][\/vc_column][\/vc_row][vc_row][vc_column css=&#8220;.vc_custom_1701609440545{margin-right: 10px !important;margin-left: 10px !important;}&#8220;][vc_empty_space height=&#8220;12px&#8220;][vc_icon icon_fontawesome=&#8220;fas fa-envelope&#8220; color=&#8220;violet&#8220; size=&#8220;xl&#8220; align=&#8220;center&#8220;][vc_custom_heading text=&#8220;busenje@busenje.pro&#8220; font_container=&#8220;tag:h1|font_size:30px|text_align:center|color:%23012a72|line_height:34px&#8220; google_fonts=&#8220;font_family:Ubuntu%3A300%2C300italic%2Cregular%2Citalic%2C500%2C500italic%2C700%2C700italic|font_style:400%20regular%3A400%3Anormal&#8220; css=&#8220;.vc_custom_1701610207296{margin-right: 10px !important;margin-left: 10px !important;}&#8220;][vc_separator el_width=&#8220;30&#8243;][\/vc_column][\/vc_row][vc_row][vc_column css=&#8220;.vc_custom_1701609440545{margin-right: 10px !important;margin-left: 10px !important;}&#8220;][vc_empty_space height=&#8220;12px&#8220;][vc_icon icon_fontawesome=&#8220;fas fa-business-time&#8220; color=&#8220;violet&#8220; size=&#8220;xl&#8220; align=&#8220;center&#8220;][vc_custom_heading text=&#8220;Radno vreme&#8220; font_container=&#8220;tag:h1|font_size:30px|text_align:center|color:%23012a72|line_height:34px&#8220; google_fonts=&#8220;font_family:Ubuntu%3A300%2C300italic%2Cregular%2Citalic%2C500%2C500italic%2C700%2C700italic|font_style:400%20regular%3A400%3Anormal&#8220; css=&#8220;.vc_custom_1701610340474{margin-right: 10px !important;margin-left: 10px !important;}&#8220;][vc_empty_space height=&#8220;12px&#8220;][vc_custom_heading text=&#8220;Prijemna kancelarija radi:<br \/>\nPonedeljak \u2013 Petak: 8:00 do 18:00<br \/>\nSubota: 9:00 do 12:00<br \/>\nNedelja: Ne radimo&#8220; font_container=&#8220;tag:h1|font_size:20px|text_align:center|color:%23012a72|line_height:23px&#8220; google_fonts=&#8220;font_family:Ubuntu%3A300%2C300italic%2Cregular%2Citalic%2C500%2C500italic%2C700%2C700italic|font_style:400%20regular%3A400%3Anormal&#8220; css=&#8220;.vc_custom_1701610590612{margin-right: 10px !important;margin-left: 10px !important;}&#8220;][vc_empty_space height=&#8220;12px&#8220;][vc_custom_heading text=&#8220;Na\u0161a On-Line podr\u0161ka vam je na raspolaganju 24 sata dnevno, sedam dana u nedelji.&#8220; font_container=&#8220;tag:h2|font_size:20px|text_align:center|color:%23cccccc|line_height:24px&#8220; google_fonts=&#8220;font_family:Ubuntu%3A300%2C300italic%2Cregular%2Citalic%2C500%2C500italic%2C700%2C700italic|font_style:400%20regular%3A400%3Anormal&#8220; css=&#8220;.vc_custom_1701610469526{margin-right: 10px !important;margin-left: 10px !important;}&#8220;][vc_separator el_width=&#8220;30&#8243;][vc_custom_heading text=&#8220;\u00a9 Copyright &#8211; 2023 &#8211; Politika privatnosti busenje.pro&#8220; font_container=&#8220;tag:h2|font_size:20px|text_align:center|color:%23cccccc|line_height:24px&#8220; google_fonts=&#8220;font_family:Ubuntu%3A300%2C300italic%2Cregular%2Citalic%2C500%2C500italic%2C700%2C700italic|font_style:400%20regular%3A400%3Anormal&#8220; css=&#8220;.vc_custom_1701610916527{margin-right: 10px !important;margin-left: 10px !important;}&#8220;][\/vc_column][\/vc_row]<\/p>\n<\/div>","protected":false},"excerpt":{"rendered":"<p>[vc_row][vc_column][vc_single_image image=&#8220;1456&#8243; img_size=&#8220;medium&#8220; alignment=&#8220;center&#8220; css=&#8220;.vc_custom_1701607611399{margin-bottom: -10px !important;}&#8220;][vc_single_image image=&#8220;1503&#8243; img_size=&#8220;medium&#8220; alignment=&#8220;center&#8220; css=&#8220;.vc_custom_1701608953613{margin-top: -20px !important;margin-bottom: -5px !important;}&#8220;][vc_custom_heading text=&#8220;+381628939234&#8243; font_container=&#8220;tag:h1|font_size:30px|text_align:center|color:%23012a72|line_height:34px&#8220; google_fonts=&#8220;font_family:Ubuntu%3A300%2C300italic%2Cregular%2Citalic%2C500%2C500italic%2C700%2C700italic|font_style:500%20bold%20regular%3A500%3Anormal&#8220; css=&#8220;.vc_custom_1701608833001{padding-right: 20px !important;padding-left: 20px !important;}&#8220; link=&#8220;url:tel%3A%2B381628939234|target:_blank&#8220;][vc_video link=&#8220;https:\/\/youtu.be\/EVQmy8l9fKc&#8220; el_width=&#8220;60&#8243; el_aspect=&#8220;916&#8243; align=&#8220;center&#8220; css=&#8220;&#8220;][vc_zigzag][vc_custom_heading text=&#8220;Najbolji &#8230;<\/p>\n","protected":false},"author":2,"featured_media":1563,"parent":0,"menu_order":0,"comment_status":"closed","ping_status":"closed","template":"template-frontpage.php","meta":{"footnotes":""},"class_list":["post-1414","page","type-page","status-publish","has-post-thumbnail","hentry"],"aioseo_notices":[],"_links":{"self":[{"href":"https:\/\/busenje.pro\/index.php\/wp-json\/wp\/v2\/pages\/1414","targetHints":{"allow":["GET"]}}],"collection":[{"href":"https:\/\/busenje.pro\/index.php\/wp-json\/wp\/v2\/pages"}],"about":[{"href":"https:\/\/busenje.pro\/index.php\/wp-json\/wp\/v2\/types\/page"}],"author":[{"embeddable":true,"href":"https:\/\/busenje.pro\/index.php\/wp-json\/wp\/v2\/users\/2"}],"replies":[{"embeddable":true,"href":"https:\/\/busenje.pro\/index.php\/wp-json\/wp\/v2\/comments?post=1414"}],"version-history":[{"count":82,"href":"https:\/\/busenje.pro\/index.php\/wp-json\/wp\/v2\/pages\/1414\/revisions"}],"predecessor-version":[{"id":1562,"href":"https:\/\/busenje.pro\/index.php\/wp-json\/wp\/v2\/pages\/1414\/revisions\/1562"}],"wp:featuredmedia":[{"embeddable":true,"href":"https:\/\/busenje.pro\/index.php\/wp-json\/wp\/v2\/media\/1563"}],"wp:attachment":[{"href":"https:\/\/busenje.pro\/index.php\/wp-json\/wp\/v2\/media?parent=1414"}],"curies":[{"name":"wp","href":"https:\/\/api.w.org\/{rel}","templated":true}]}}